the remainder when 100 is divided by 26 - (2/w + (-10)/(-35))?
22
Let g(s) = -s**3 + 34*s**2 + 41*s - 12. What is the remainder when g(35) is divided by 20?
18
Let j = -112 + 169. Calculate the remainder when 166 is divided by j.
52
Let t = -656 - -678. Calculate the remainder when 411 is divided by t.
15
Suppose 4*v - 398 = -3*c, 2*c + 307 = 5*v - 2*v. What is the remainder when v is divided by 26?
23
Let s(f) be the second derivative of f**4/6 + 7*f**3/6 + 7*f. Calculate the remainder when s(-5) is divided by 4.
3
Let u(w) = 2*w + 4. Let j be u(-1). Calculate the remainder when 45 is divided by j + 1 + -1 + (-7 - -22).
11
Let h(a) = 13*a**3 + a**2 - 10*a + 9. Calculate the remainder when 191 is divided by h(1).
9
What is the remainder when (-14)/(-4)*1968/28 is divided by 50?
46
Suppose -i + 1 = 0, -i = -4*b - 113 + 328. Let j be (b/(-45))/(2/(-5)). Suppose 7*q = j*q + 36. What is the remainder when q is divided by 4?
1
Let a(s) be the second derivative of s**3/3 - 9*s**2/2 + 3*s. Calculate the remainder when (12/5)/(8/140) is divided by a(10).
9
Let t(o) = -o**3 + 18*o**2 + 46*o - 33. Calculate the remainder when 866 is divided by t(20).
83
Suppose -3*w = -5*b - 14, w = -2*b + 4 - 3. Suppose 0 = 3*z + 4 + 5, w*d - 30 = 2*z. Calculate the remainder when (0 + (-5)/(-2))*660/75 is divided by d.
6
Let f = -13 - -20. What is the remainder when 8 is divided by (-76)/(-14) + -2 - 3/f?
2
Let a(k) = -2*k**2 - 32*k - 9. Suppose -109 - 41 = 10*s. Calculate the remainder when 165 is divided by a(s).
18
Let b = 454 + -386. Let h(r) = 3*r + 2. What is the remainder when b is divided by h(4)?
12
Suppose 2*x + 216 = 4*x - 4*k, 0 = 2*x + 2*k - 186. What is the remainder when x is divided by 33?
32
Let c = 16 + 4. Suppose -2*y - 18 = -9*f + 8*f, f = 5*y + 6. Calculate the remainder when f is divided by c.
6
Suppose 18*g - 12*g = 192. Calculate the remainder when 831 is divided by g.
31
Let c(p) = 4*p**2 - 15 + 1 - 2*p**2 - p**2. Calculate the remainder when 41 is divided by c(-6).
19
Calculate the remainder when ((-657)/18)/(-1 - 5/(-6)) is divided by 37.
34
Calculate the remainder when 494 is divided by 3 + ((-4)/6 - 1806/(-63)).
29
Suppose h - 3*l - 148 = 2*l, 0 = h + 2*l - 162. Calculate the remainder when h is divided by 47.
17
Let q be -3*(5 + -1)/(-4). Suppose 5 = -4*k - q*y + 4, -3*y - 5 = 2*k. Let t = 5 + k. What is the remainder when 25 is divided by t?
4
Let r(x) = -x**3 + 7*x**2 + 19*x - 5. Let n be r(8). Suppose 2*v - 3*c = 221, -4*v + 3*v - 4*c = -n. Calculate the remainder when v is divided by 26.
25
Suppose -9 = n - 0*n. What is the remainder when 4 is divided by n + 6 + (1 - 1 - -4)?
0
Let q = -58 + 52. Let x = 14 - q. Calculate the remainder when x is divided by 8.
4
Let u(d) = 3*d**2 + 3*d + 21. Let s = -4 - -9. What is the remainder when u(-4) is divided by s?
2
Let m(n) = 52*n - 1. Let l be m(1). Suppose -2*r - 17 = -2*f + l, -5*r = 4*f - 118. Let t = f + -27. Calculate the remainder when 8 is divided by t.
3
Let m(g) = 9*g**2 + 14*g - 24. Calculate the remainder when m(4) is divided by 81.
14
Suppose 11 + 5 = 4*a. Let v = -15 + 17. Suppose v*s - 4*l - 32 = 0, -3*s - 8 + 35 = l. What is the remainder when s is divided by a?
2
Let d = 446 + -243. What is the remainder when d is divided by 52?
47
Let n be (10/3)/(-5) - 40/(-6). Calculate the remainder when (405/20)/(n/16) is divided by 16.
6
Let v = -98 + 175. Suppose 13*n - 160 = 5*n. What is the remainder when v is divided by n?
17
Let f(q) = q**2 - 2*q - 4. Suppose -3*j + 4*v + 28 = -j, 0 = 3*j - v - 17. Let u(a) = 5*a - 4. What is the remainder when f(8) is divided by u(j)?
12
Suppose 3*j + 12 = -3*x, -2 = j - 0*x + 2*x. Let t(w) = -2*w + 15. What is the remainder when 106 is divided by t(j)?
25
Suppose 0 = 4*i - 30 + 2. Suppose -21 = -i*m + 6*m. What is the remainder when 83 is divided by m?
20
Suppose 4*h + z = 21, -4*h + 22 = 3*z - 9. Suppose -h*s + 271 + 797 = 0. What is the remainder when s is divided by 27?
24
Let u = -163 + 875. Calculate the remainder when u is divided by 55.
52
Suppose 0 = -19*x + 583 + 139. Calculate the remainder when 66 is divided by x.
28
Suppose 2*f + 4 = 22. Suppose 3*z = 4*z + 15. Calculate the remainder when z/(-10)*84/9 is divided by f.
5
Let w(a) = 41*a - 493. Calculate the remainder when w(14) is divided by 34.
13
Let w be 1 + 2 - (-3 + 9). Suppose -60 = -0*o - 3*o. Calculate the remainder when o is divided by (-3 - (0 + w)) + 11.
9
Let l(z) = 2*z**2 - z - 2. Let h(b) = -b**3 + 6*b**2 + 2*b. Let f be h(6). Suppose f = -0*v + 4*v. What is the remainder when 50 is divided by l(v)?
11
Suppose 0 = 15*x + 1332 - 3927. Calculate the remainder when x is divided by 29.
28
Let s(i) = -i**3 - i**2 - i + 57. What is the remainder when s(0) is divided by 17?
6
What is the remainder when (-1)/(2/(-138)) + 2 is divided by (48/(-7))/(2/(-7))?
23
Suppose -3*h - h = -80. Let r = 1471 - 1465. What is the remainder when h is divided by r?
2
Suppose 0 = 2*d - 41 + 19. Let b = 39 - d. Calculate the remainder when 53 is divided by b.
25
Suppose 7*t - 5*t = 26. Let m(b) be the second derivative of 13*b**4/3 + b**3/6 - 4*b. Calculate the remainder when m(-1) is divided by t.
12
What is the remainder when 222*(-2)/2*(-9)/54 is divided by 22?
15
Suppose r - 28 = -7. Let g(n) = n**3 + 7*n**2 + 2*n + 9. What is the remainder when g(-3) is divided by r?
18
Suppose 0 = -15*x + 493 - 133. What is the remainder when 85 is divided by x?
13
Suppose -713*s = -711*s - 18. What is the remainder when 75 is divided by s?
3
Let x(l) = -4*l**3 - 3*l**2 - 3*l - 3. Let q be (-2 + -1)*(7/(-7) - -2). What is the remainder when 67/((-1)/(q + 2)) is divided by x(-2)?
21
Suppose -33 = -3*q + 5*k - 10, -k = -2*q + 27. Calculate the remainder when 54 is divided by q.
6
Suppose -2*l - 3*l - 128 = -4*n, 2*n + 2*l = 46. Calculate the remainder when 102 is divided by n.
21
Suppose -1677 = -9*i - 597. What is the remainder when i is divided by 32?
24
Suppose 16 = -5*r + 9*r. Suppose 3*s = -5*q + 445, r*q - 356 = -s - 2*s. Calculate the remainder when q is divided by 46.
43
Suppose w = 2*w. Suppose 3*y - 15 = -w*y. Suppose 8 = 4*z - 5*h, y*z - h + 4*h - 10 = 0. Calculate the remainder when z is divided by 1.
0
Let l(j) = -j**2 - 5*j - 6. Let h be l(-6). Let m = h + 17. Calculate the remainder when (-6)/(2/(-6)*2) is divided by m.
4
Suppose -20*t - 3 = -17*t. Let w(x) = 10*x**2 - 2*x + 1. Let k be w(1). Let s = k - t. What is the remainder when 39 is divided by s?
9
Suppose g - 22 = 1. Let t = -28 - -46. Suppose -m - 50 = -4*w - t, -w - 2*m = -8. Calculate the remainder when g is divided by w.
7
Suppose 2*r - 80 = -3*z, -4*r = 3*z - 60 - 112. Calculate the remainder when 105 is divided by r.
13
Let j = -525 + 571. What is the remainder when j is divided by 37?
9
Suppose -5*v = -2*u - u + 25, 4*v = -2*u - 20. Suppose 4*i - 28 = -2*c, 3*i - 6 + u = 0. What is the remainder when 11 is divided by c?
1
Let j = 61 - 59. Suppose z + j - 51 = 0. Suppose p = 2*k - 54, 2*k = -2*k - 5*p + 80. Calculate the remainder when z is divided by k.
24
Suppose 53 - 4 = 7*c. Suppose c*m + 40 = 236. Suppose -2*s + 3*s = 15. What is the remainder when m is divided by s?
13
Let s = -109 + 70. Let w = s + 77. What is the remainder when w is divided by 4?
2
Suppose -2*d - 5*d = -2352. Suppose -11*g + 4*g + d = 0. What is the remainder when g is divided by (-127)/(-5) + (-2)/5?
23
Suppose 3*h = 2*h + 4*n + 35, -5*h = 2*n - 153. Calculate the remainder when 258 is divided by h.
10
Let c = 50 + -36. Suppose 4*l - 5*j = 35, 65 = l + 2*l + 4*j. Let x = l + -10. What is the remainder when c is divided by x?
4
Suppose 0 = -19*x + 165 + 310. What is the remainder when 67 is divided by x?
17
Suppose -3*i - y = i - 35, 2*i - 30 = 2*y. Calculate the remainder when 64/i - 2/5 is divided by ((-1)/5 - 2/15)*-6.
0
Suppose -4*m + 4*r + 146 = -2*m, 2*r - 4 = 0. Calculate the remainder when m is divided by 14.
7
Let l(n) = -2*n**3 - 8*n**2 + 11. Let h = 48 - 29. Calculate the remainder when h is divided by l(-4).
8
Let y(x) = -46*x + 194. What is the remainder when y(3) is divided by 11?
1
Let t(l) = l**3 + 9*l**2 - 6*l - 28. Calculate the remainder when 101 is divided by t(-9).
23
Let u = 304 + -291. What is the remainder when 296 is divided by